ors of 10 + 6 + -3 + t?
11
Suppose 0 = -4*q - 63 + 199. List the prime factors of q.
2, 17
Let f(g) = -g**2 + 3*g**2 + g**2 - 4*g**2 - 6*g - 6. What are the prime factors of f(-3)?
3
Let i = 53 + -19. What are the prime factors of i?
2, 17
Let u(a) = -2*a + 1. Let y be u(3). Let f = 8 + y. Let j = f - -10. List the prime factors of j.
13
Let t(g) = g + 6. Let d be t(-3). Suppose 3*i - d*m = 108, 3*m - 14 = 1. List the prime factors of i.
41
Let t be (-3 - -2)*37/(-1). Let u = t - 21. List the prime factors of u.
2
Suppose 0 = 3*r - 24 - 3. Let p = r - 22. Let l = p + 21. List the prime factors of l.
2
Suppose -15 = -5*a + 2*a. Suppose 3*m = 5*c - 88, a*m = -2*c + 37 + 23. List the prime factors of c.
2, 5
Let z(v) be the second derivative of -v**5/20 + v**4/6 + v**3/2 + 3*v**2/2 + 2*v. Suppose w + 17 = -4*b, -12 - 8 = 4*b. What are the prime factors of z(w)?
3
Suppose 2*j - 241 - 57 = 0. List the prime factors of j.
149
Suppose 9 = -3*c, 4*u - u + 4*c = 3. Suppose 10 = u*h - 0. Suppose 3*m = -h*s + 33, 0 = -4*s - 5*m - 0*m + 67. What are the prime factors of s?
2, 3
Let q(t) be the third derivative of t**4/24 + 9*t**3/2 + 2*t**2. List the prime factors of q(0).
3
Suppose 2*b - 18 = 4*b. Let u = -7 - b. List the prime factors of u.
2
What are the prime factors of 50 + (-2)/(4/(-4))?
2, 13
Let u = 82 - 28. List the prime factors of u.
2, 3
Suppose z - 2*z + 354 = 3*y, -4*y = 4. List the prime factors of z.
3, 7, 17
Suppose 0 = 6*v + 162 - 990. List the prime factors of v.
2, 3, 23
Let y be (28/(-35))/((-2)/(-20)). Suppose 3*s - 7 = 2. Let r = s - y. List the prime factors of r.
11
Let c(y) = y**2 + 4*y - 3. Let j be c(-5). Let o = j - -1. Suppose o*h = 7*h - 24. List the prime factors of h.
2, 3
Let o(k) = k + 1. Let z(t) = t**3 - 3*t**2 - 4*t - 3. Let a(l) = 2*o(l) + z(l). Let f be a(4). Let q = 19 - f. List the prime factors of q.
2, 3
Let i(l) = 4*l**2 - l. Let b(y) = -y + 7. Let j be b(4). Suppose u = -j*v - 1, 0*v + 5*u - 12 = 2*v. List the prime factors of i(v).
5
What are the prime factors of (13 + 10)/(1 + 0)?
23
Let h = 2 + 0. Suppose -4*l + 5*w = -h, 0 - 7 = l - 5*w. What are the prime factors of l?
3
Let v(n) = -2*n + 2. List the prime factors of v(-27).
2, 7
Suppose 2*b - 286 = -4*i, -4*b + 8*b - 624 = 5*i. List the prime factors of b.
151
Suppose -2*s - 3*z - 3 = 0, z + 0 = -5*s + 12. Let n(g) = g**2 + 2 + 4*g - 2*g**2 - 1. What are the prime factors of n(s)?
2
Let b(r) = r**3 - 3*r**2 + 4*r - 2. Let f be b(3). Let l be 5/(f/8) + 0. Suppose 32 - 4 = l*x - 5*o, -2*x + 14 = -5*o. List the prime factors of x.
7
Let l(t) = -t**2 - 3*t + 3. Let n be l(-3). Suppose -2*w = n*h - 75, -3*h + 0*w + 3*w + 90 = 0. List the prime factors of h.
3
Suppose -456 = -4*y + 200. Suppose -i = 3*i - y. List the prime factors of i.
41
Let l(w) be the third derivative of w**6/120 + w**5/12 + w**4/8 + 4*w**2. List the prime factors of l(-2).
2, 3
Let r = 8 + -5. Suppose -r*k + 12 + 11 = 2*j, -4*j + 38 = -2*k. List the prime factors of j.
2, 5
Let t = 968 + -568. List the prime factors of t.
2, 5
List the prime factors of (-148)/(-9)*-3*-3.
2, 37
Let w(q) = q**2 + 6*q + 5. Let d be w(-6). Suppose 4*k = 3*b + 4, d = -b + 2*k + 1. What are the prime factors of b?
2
Let h = -32 + 65. List the prime factors of h.
3, 11
Let c be (2/2)/((-1)/(-21)). Let q = c - -37. Suppose 3*b + 19 - q = 0. What are the prime factors of b?
13
Let j = 586 - 210. What are the prime factors of j?
2, 47
Suppose 5*l = l + 3*t - 50, -3*l = -t + 35. Let r = l + 20. What are the prime factors of r?
3
Let l = 0 + -1. Let z be 5 + (-1 + l - 0). List the prime factors of 4/(-6) + 44/z.
2, 7
Let o(b) = -b**3 + 3*b**2 + 2*b - 1. Let k be o(3). Suppose 0*r - k*s - 45 = -5*r, 4*r + 4*s + 4 = 0. What are the prime factors of r?
2
Let r be 244/6 - 1/(-3). Let l = -59 + r. What are the prime factors of (-2)/(-9) + (-104)/l?
2, 3
Suppose 1 = -d + 2. Let x be d/3 + 5/3. List the prime factors of x/(-11) - (-136)/22.
2, 3
Let q = 2 - 0. List the prime factors of (0 + -1)*(q - 4).
2
Suppose 2*k = -4*f + 1278, -2*f + 2*k + k + 643 = 0. What are the prime factors of f?
2, 5
Let t(w) be the first derivative of -w**4/12 + 7*w**3/6 - w**2 + 2*w + 2. Let f(c) be the first derivative of t(c). What are the prime factors of f(6)?
2
Suppose l - 5*l + 32 = 0. Suppose 3*d = -x - 0*x + l, 0 = -5*x + 10. Let m(h) = 2*h - 1. List the prime factors of m(d).
3
Let f(h) = h**3 - h**2 - h + 15. Let s be f(0). What are the prime factors of ((-9)/s)/(1/(-35))?
3, 7
Let i(l) = l - 10. Let u be i(7). Let m = 3 + u. Let k = m - -4. What are the prime factors of k?
2
Let y(q) = 6*q**2 - q - 14. List the prime factors of y(6).
2, 7
Suppose 0 = -u - 4 + 3. What are the prime factors of -4 + u + 5 - -45?
3, 5
What are the prime factors of (-4)/10 + 548/20?
3
Suppose 0 = -2*l + q + 4, q = 2 + 2. What are the prime factors of (12/8)/(2/l)?
3
Let r(s) = -14*s + 1. Let f be r(-1). What are the prime factors of 252/f - (-2)/10?
17
Suppose 5*c - 474 = -3*j + 4*c, 4*j + 3*c = 632. List the prime factors of j.
2, 79
Let l(a) = 2*a**2 - 5*a - 2. Let u = -8 - -3. Let b = -1 - u. List the prime factors of l(b).
2, 5
Let w = -6 + 14. List the prime factors of w.
2
Suppose -37 - 7 = -4*k. Let g = 5 - k. Let r = 14 + g. What are the prime factors of r?
2
Let w be (2/(-6))/(2/(-18)). Suppose 4*y - 12 = 3*z, -w + 19 = 4*z. List the prime factors of y.
2, 3
Suppose 3 = -5*a - 3*g - 6, 1 = -3*a - 4*g. What are the prime factors of 21/9 + a/9?
2
Suppose -2*s = -2*u + s + 33, -4*s + 12 = 0. List the prime factors of u.
3, 7
Suppose -2*u = -d + 137, 31 + 131 = d + 3*u. List the prime factors of d.
3, 7
Let d be (-27)/((-6)/2) - -1. Suppose -4*w - 4*l = -16, -2*w + 3*l + 13 = -0*l. Suppose -3*s + w*s - d = 0. What are the prime factors of s?
5
Let z(i) = 19*i**2 - 5*i + 27. List the prime factors of z(4).
311
Suppose -n + 36 = 4*n + 2*d, 2*d + 20 = 2*n. Suppose 2*z + 4 = n. List the prime factors of 14 - (2 - (z - 2)).
2, 3
Let i = 18 + -12. Suppose 0 = -0*r + 3*r - i. Suppose y = -r*y + 36. List the prime factors of y.
2, 3
Let p(m) = m**2 + 3*m + 6. What are the prime factors of p(-7)?
2, 17
List the prime factors of (-108)/(-3)*27/12.
3
Suppose 2*g + 6*g = 784. List the prime factors of g.
2, 7
List the prime factors of ((-4)/(-8))/((-4)/(-432)).
2, 3
Let y(d) = 6*d - 4. Let n(l) = 2*l - 1. Let z be n(2). List the prime factors of y(z).
2, 7
Suppose -2*w + 5*w - 12 = 0. Suppose -5*i = -3*q - 92, w*q + 94 = 5*i + 3*q. List the prime factors of i.
19
Suppose 6*j + j = 49. Let u = 1 + 4. Let k = j + u. What are the prime factors of k?
2, 3
Let l(r) = -r**3 + 7*r**2 + 7*r + 10. Let a be l(8). Suppose -o - 2*t = -a*o + 12, -4*o = -t - 20. What are the prime factors of o?
2
Suppose 2*p + 2*a = 31 + 97, -4*a = 12. What are the prime factors of p?
67
Let t(p) = p**3 - 3*p**2 - 4*p. Let h be t(4). Suppose h = -2*g + 69 + 9. List the prime factors of g.
3, 13
Suppose -32 = 3*i - t - 167, -4*i + 179 = -t. What are the prime factors of i?
2, 11
Suppose 0 = -z + 6*z - 40. What are the prime factors of ((-9)/6)/((-2)/z)?
2, 3
Let r = 21 + -12. Suppose r = -2*j + 1. Let a(o) = -o - 1. List the prime factors of a(j).
3
Let r be (1 + -8)*(-63)/(-3). List the prime factors of r/(-4) + (-2)/(-8).
37
Suppose -5*l + 5 = 0, x - 4*l = 149 - 8. List the prime factors of x.
5, 29
Suppose -5*j + 2*j = -381. List the prime factors of j.
127
Suppose 4 = 2*s - 0. Let d be s*(-4)/((-8)/9). List the prime factors of (d/4)/((-1)/(-8)).
2, 3
Suppose 0 = w - 6. Let j(y) = y**2 - y - 11. What are the prime factors of j(w)?
19
Let z = 9 - -13. Let d(w) = w + 8. Let y be d(-4). Suppose -2*t - z = -y*t. What are the prime factors of t?
11
Suppose 6*b - 8*b = -48. What are the prime factors of b?
2, 3
Let a(f) = f**3 + 4*f**2 - f + 6. What are the prime factors of a(-3)?
2, 3
Let z = 42 - 37. Suppose 2*v = -10, -s - 4*v - 34 = -3*s. Suppose z*j - 45 = -s*i + 2*i, j = 3*i + 9. List the prime factors of j.
3
What are the prime factors of (-51)/(-2) - 1/2?
5
Let v(q) = -33*q. Let l be v(3). Let s = l - -147. Let h = s + -33. List the prime factors of h.
3, 5
Let y(z) = -13*z**2 - 31*z - 16. Let i(u) = -7*u**2 - 16*u - 8. Let s(x) = -11*i(x) + 6*y(x). List the prime factors of s(-7).
